4/2 - a**3/3 + 7. Determine x(g).
1
Let z(w) be the first derivative of 2*w**2 - 25*w + 6368. Calculate z(4).
-9
Let s(a) = -a**2 - 17*a + 26. Let n(w) = -w**2 - 123*w - 3245. Let i be n(-38). Give s(i).
56
Let u(i) = 17*i**3 + 432*i**2 - 905*i - 34. Let g(y) = -21*y**3 - 540*y**2 + 1131*y + 43. Let k(b) = -9*g(b) - 11*u(b). Determine k(-56).
-13
Let h(l) = -l - 2069*l**2 + 1026*l**2 + 1042*l**2 + 22*l**3. Let u = -3 - -2. What is h(u)?
-22
Let p(a) = 1 + 16*a**2 + 10*a**2 + 3*a + 10*a**2 - 35*a**2 - a. Let n(f) = f. Let y = -18 - -16. Let q be n(y). Determine p(q).
1
Let h(u) = u**3 + u. Let m(g) = 3*g**3 + 2*g**2 + 3*g. Let s(t) = 2*h(t) - m(t). Let q be (2/1)/(2/8). Suppose 0*z = 4*z + q. Determine s(z).
2
Let r(t) = -19896*t + 9953*t + 9944*t + t**2. What is r(4)?
20
Let w(p) = -3*p**3 + 4*p**2 - 5*p + 23. Let l(b) = 5*b**3 - 7*b**2 + 9*b - 40. Let f(d) = 4*l(d) + 7*w(d). Give f(3).
-23
Let v be (1/((-18)/102))/((-2)/12). Let r = 33 + v. Let b = r - 61. Let l(d) = d**3 - 5*d**2 - 8*d - 5. Calculate l(b).
-17
Suppose s = 3*s - 34. Let y = s + -11. Let r(q) = 7 + 8*q + y*q - 11*q. Determine r(-6).
-11
Let s(p) = -4*p + 25. Suppose 0 = -4*l - 16, -57*i + 59*i - 20 = -2*l. Calculate s(i).
-31
Let x = -194 - -191. Let d(h) = -h**2 - 4*h - 2. Let a be d(x). Let u(l) = 5*l + 1. Give u(a).
6
Suppose 2*r + 0*c + 4*c = -4, -3*c = -5*r + 29. Let k(q) = 15*q**2 + 5*q - 14. Let f(b) = 26*b**2 + 10*b - 24. Let h(u) = -4*f(u) + 7*k(u). Give h(r).
-6
Suppose -51 = -5*u + 309. Suppose 5*g + u = -7*g. Let c be ((-4)/6)/(g/(-45)). Let h(s) = s**3 + 6*s**2 + 7*s + 6. Determine h(c).
-4
Let y(h) = -h**2 + h + 27. Let g be 0 + -9 + 29 - 12. What is y(g)?
-29
Let v(a) be the first derivative of a**4/4 - 13*a**3/3 + 8*a**2 - 57*a - 4337. What is v(12)?
-9
Let t(y) = y - 4. Let g be t(7). Suppose 15 = g*l + 2*l. Let v(w) be the third derivative of w**5/30 - w**4/24 - w**3/2 - 9*w**2 - 23. What is v(l)?
12
Let h(m) be the second derivative of -8*m**4/3 - m**3/3 - m + 360. Calculate h(-1).
-30
Let y = 28 + -22. Suppose -5*u - 2 = -y*u. Let q(a) = 18*a + 2 - 2*a - 6*a - 6*a. Give q(u).
10
Let x(y) be the first derivative of y**3/3 + 9*y**2/2 + 10*y - 2. Let a(p) = p**3 - 34*p**2 - 185*p + 44. Let h be a(-5). Determine x(h).
-8
Let h(b) = 37*b**3 - 3*b**2 + b. Let k be h(1). Suppose 0 = -k*o + 38*o - 30. Let c(y) = y**2 - 11*y - 2. Give c(o).
-12
Let p = 46 + -13. Let c be (-10 - (-324)/p) + (-101)/(-11). Let s(g) = g - 9. Calculate s(c).
0
Let h(z) = -z**2 - 8*z + 8. Let l be (-72)/(-756) + (-206)/(-42). Suppose -5*o = -2*s + 1, -3*s - 7 - l = -3*o. What is h(s)?
15
Let x(a) = -a**3 - 17*a**2 - 17*a - 15. Let z(b) = b**3 - 20*b**2 + 18*b + 29. Let k be z(19). Let w be (30/(-25))/((-2)/(-10)) - k. What is x(w)?
1
Let a be -26*(-2 + 5/2). Let p(c) = -4872 + 6*c + 9736 - 5*c - 4866. Determine p(a).
-15
Let b(v) = -2*v**3 - v**2 + 5*v + 2. Let k be (-14 + 285/20)*-8. Determine b(k).
4
Let c = 2 - -4. Let s(q) be the first derivative of -q**2/2 + 11*q - 3386. Calculate s(c).
5
Let q = -102 + 119. Let j(s) = -2*s - 11. Let z(n) = 6*n + 32. Let t(b) = q*j(b) + 6*z(b). Determine t(-6).
-7
Suppose 2*p = 3*p + 46. Let c = p - -50. Let o = 4 + c. Let q(l) = l - 10. Determine q(o).
-2
Let z(x) = -12*x**3 + 10*x**3 - 3*x - 6 + 4*x + 10*x**2 + 0*x**3 + 3*x**3. Determine z(-9).
66
Let t = -9600 - -9586. Let o(r) = -r - 39. Determine o(t).
-25
Let r(v) = -v**3 - 12*v**2 - 14*v - 43. Let m(h) = -h**3 - 20*h**2 - h + 332. Let l be m(-19). Calculate r(l).
-103
Let q be ((-56)/(-63) - -1 - 1)*9. Let f(k) = 11*k - 92. What is f(q)?
-4
Let s = -5 + 7. Let p(j) = -j**2 + 2*j + 2. Let a be p(s). Let x(n) = -12*n - a*n**3 + n**3 + 10*n - 5*n**2 + 3. Give x(-4).
-5
Let c(s) = -s**3 - 9. Let k(q) = -2*q**3 - 9*q**2 + 12*q - 7. Let d(r) = c(r) - k(r). Give d(-9).
106
Let w = -63 + 78. Suppose -4*h + 2*h - 5*m - 34 = 0, -h - 2*m = w. Let t(j) = -j - 8. What is t(h)?
-1
Let k(q) = 3*q + 18. Let a be k(-11). Let v be 8/((-24)/a) - 1. Let b(f) = -2*f**2 + 6*f - 4. Give b(v).
-12
Suppose -2*l = a - 5*a - 44, 3*a + 2*l = -47. Let j(i) = -i**3 - 13*i**2 - 3*i + 17. What is j(a)?
56
Let v be (-68)/(-612)*(88 - -2). Let z(x) = 22*x - 243. Determine z(v).
-23
Let h(m) = -14*m - 20. Let s(d) = 2*d + 5. Let y(l) = -h(l) - 9*s(l). Calculate y(-7).
3
Suppose 2353 = -19*f - 1238. Let w be (-702)/f + 2/7. Let h(l) = -l + 5. Determine h(w).
1
Let q = -2025 - -2032. Let n(j) = -6*j - 7. Determine n(q).
-49
Let n(m) = 2*m**2 - 15*m - 8. Let r = 1388 + -1380. Calculate n(r).
0
Let h(z) = 3*z + 4. Let a(f) = -f - 1. Let r(m) = 2*a(m) + h(m). Suppose i = -3*k + 19, 2*i - 35 = -4*k + 1. Suppose 0 = -13*s + 17*s - i. Determine r(s).
6
Let m be 4 + (3 - (-2 + -7)) + -31 + (-1075)/(-43). Let y(i) be the first derivative of i**4/4 - 3*i**3 - 9*i**2/2 - 11*i + 1. Calculate y(m).
-1
Suppose -12*q - 13*q = -275. Let g(v) = 24 + 2*v**2 - q*v - 46 + 23. What is g(8)?
41
Let d(c) = -c**2 - 2. Let n(i) = -3*i**2 + 14*i - 54. Let f(j) = 2*d(j) - n(j). Let s be f(6). Let g(z) = z**2 - z - 2. Determine g(s).
0
Let d(i) = i**2 - 7*i + 6. Let o = -596 + 598. Let j(v) = 1 - 1 + 1. Let w(b) = o*j(b) - d(b). Calculate w(5).
6
Let u(w) = -w**2 - 12*w - 13. Suppose 17 = 4*d + 3*x, 5*d - 4*d = 4*x - 10. Suppose -3*n - 2*l + 7 = 38, -4*n - d*l - 42 = 0. Determine u(n).
-2
Let y(v) = -4918*v + 9833*v - 4919*v - 4. Let j = 0 + -3. What is y(j)?
8
Suppose -18*f + 6*f - 84 = 0. Let j(b) = b**3 + 3*b**2 - 29*b + 17. Give j(f).
24
Let j(z) = z - 9. Let l be j(11). Let f be 1*(3 + 1)/l. Suppose f*k + 1 = -5*y - 10, 3*y = -5*k - 18. Let c(m) = -m**3 - 3*m**2 - 2. Determine c(k).
-2
Suppose 4*y + 559 = -3*u + 537, -2*y + 4 = -u. Let j(q) = -21*q**3 + 3*q**2. Give j(y).
24
Suppose 0 = -11*a - 150 + 183. Let z(m) = 6 - a*m**2 + 4*m**2 + 10*m + 0 - 2. Give z(-10).
4
Let h(x) = -57 + 510*x - 257*x - 257*x. Determine h(-11).
-13
Let k(a) = -a**3 - 30*a**2 - 57*a - 29. Let c = -241 + 213. Let x be k(c). Let y(d) = d**3 + 2*d**2. Calculate y(x).
1
Let n(g) = -g**3 - 4*g**2 + g + 1. Let l(c) = 4*c - 12. Let x be l(5). Suppose 2*r + 3*b - 118 = 0, 3*b + b - x = 0. Let j = r + -60. Calculate n(j).
-3
Let z(u) = -18*u - 2. Let d(o) = -7*o - 1. Let c(k) = 5*d(k) - 2*z(k). Let q = -17 - -17. Suppose -2*p - 12 + q = 0. Calculate c(p).
-7
Let p(w) be the second derivative of 5*w**3/6 - 2*w**2 + 4168*w. Calculate p(1).
1
Let t(n) be the first derivative of 2*n**3/3 - 9*n**2/2 - 15*n + 24. Let o be t(6). Let l be -3*4/(-4)*5/o. Let s(i) = i**2 - 3*i + 2. What is s(l)?
12
Suppose 2622*w + 11 = 2633*w. Let m(u) = 21*u + 2. Let j(i) = -1. Let f be (-21)/14*2/3. Let s(q) = f*m(q) - j(q). What is s(w)?
-22
Let s(h) = -6*h + 7. Let u(q) = -7*q**2 + 281*q + 252. Let j be u(41). Give s(j).
-29
Let b(q) = -q**3 - 6*q**2 + 7*q - 5. Let g be 0 + 11/((-55)/(-240)). Suppose -2*i + 47 = 3*o, 2*i + 2*o = -2*o + g. Suppose 4*z + i + 6 = 0. Calculate b(z).
-5
Let y(w) = -w**3 - 9*w**2 + 10*w + 22. Suppose 13 = -4*z - 2*q - 31, 4*z + 50 = -5*q. Calculate y(z).
22
Let y(n) = 22*n**3 - n**2 + 2*n - 1. Let r(i) = -13*i + 50. Let d be r(4). Let q be d/10 + 9*12/90. What is y(q)?
22
Let d(l) = -l**3 - 3*l**2 + 27*l + 85. Let z be d(-4). Let t(n) = -n**2 - 13*n - 17. Determine t(z).
25
Let u(b) = -b + 39. Let g be u(-23). Let m = -57 + g. Let c(n) = -n**2 + 3*n + 5. Calculate c(m).
-5
Let k(c) be the second derivative of -3*c**3 + 0*c**2 - 1/60*c**5 + 0 - 16*c - 1/360*c**6 + 1/12*c**4. Let f(r) be the second derivative of k(r). What is f(3)?
-13
Let g be 12/15 + -3*4/(-60). Let a(b) = 7*b - 3. Let l be a(g). Let k be 105/(-25) + l + 48/(-10). Let h(q) = q**2 + 6*q - 1. What is h(k)?
-6
Let i(p) = -30*p - 506. Suppose -543 = 23*u - 152. What is i(u)?
4
Let y(h) = h**2 + h + 5. Suppose 0*x + x + 7 = 0. Let t be 29/x + -4*2/(-56). Let g be (-1 - -3)/(t/8). Determine y(g).
17
Let w(n) be the second derivative of -n**5/20 - 5*n**4/12 - 2*n**3/3 - 3*n**2 - n - 118. What is w(-3)?
-12
Let j(b) = -b**2 - 125*b - 726. Let m be j(-119). Let x(i) = -i**3 - 11*i**2 + 12*i + 8. Determine x(m).
8
Let s(i) be the first derivative of -5/6*i**3 + 1/2*i**4 + 18*i + 8 + 1/20*i**5 + 9/2*i**2. Let k(n) be the first derivative of s(n). Calculate k(-7).
-5
Let m(w) = w**3 - 13*w**2 + 13*w + 2. Suppose 0 = 